 76, z - 3*q - 74 = 0. Suppose 3*l + z - 425 = 0. Is l a composite number?
True
Let j(k) = 24*k**2 + 20*k + 8. Let s be j(-8). Let g = s + -638. Let p = g - 439. Is p prime?
True
Let x be 2/8 + 1022/8. Suppose 0 = 5*s - 147 - x. Is s prime?
False
Let s(t) = 18*t + 16. Let a be s(15). Let p = -141 + a. Is p prime?
False
Let b = -31 + 35. Suppose b*x - x = 0. Suppose 2*y = -0*y - 2, 2*t - 5*y - 415 = x. Is t a prime number?
False
Let k(r) be the first derivative of 47*r**2 + 15*r - 16. Is k(5) a composite number?
True
Let t = 17 - 5. Suppose -6*h + 3*h - t = 0. Is h*(-2 + 102/(-8)) a composite number?
False
Suppose -5*q + 5*z = 6*z - 196, 204 = 5*q - z. Let p be (6/(-15))/((-4)/q). Suppose 0 = -3*t + 2*a + 695, 0 = -4*t - p*a - 222 + 1182. Is t prime?
False
Let n = 119 - 52. Suppose 0 = -4*q - 20, -4*t + 5*q - 10 = -3. Let x = t + n. Is x prime?
True
Suppose -2*l + 362 = -5*m, m + 0*m = 4*l - 688. Let r = l + -65. Is r a prime number?
False
Suppose 0 = -0*j - j + 26. Is (35633/j)/(1/2) a composite number?
False
Let g be ((-24)/1)/(30/(-75)). Suppose 4*f + g = -f. Is ((-669)/f)/((-3)/(-24)) a prime number?
False
Suppose m + 6 = 4*m. Suppose -12 = -m*a + 2*j - j, -j - 24 = -5*a. Suppose -b + 1 = 6, -50 = -2*l - a*b. Is l a composite number?
True
Suppose -61*u + 121 = -62*u. Let j = u + 816. Is j a prime number?
False
Is (2 - (-8707 - -3)/4) + 1 a composite number?
False
Let o = 76 - 82. Let j(b) = b - 1. Let i(w) = 59*w + 9. Let t(m) = -i(m) - 4*j(m). Is t(o) prime?
True
Let t be 2 + (-3)/((-12)/1456). Suppose -2*p + t = -0*p. Is (-2)/4 + p/2 a composite number?
True
Let z = -10235 + 40182. Is z a composite number?
False
Let s(h) = 1875*h - 202. Is s(17) prime?
False
Suppose -3*s - 4*k = -5*s - 2, 4*s = 5*k + 5. Suppose 429 = s*j - 676. Is j prime?
False
Let g = -6271 + 9842. Is g a prime number?
True
Let z(w) = -w**3 + 12*w**2 + 3*w - 18. Let o be z(12). Suppose 0 = -5*i + 12 + o. Let k(s) = 6*s + 1. Is k(i) composite?
False
Let t(f) = -f**3 - 13*f**2 + 14*f - 10. Let x be t(-14). Let a = -14 - x. Is 49 + 0/a + 0 a composite number?
True
Suppose -90*l + 12 = -87*l. Let p(q) = 7*q**3 + 2*q**2 - q - 3. Let j(w) = 6*w**3 + 3*w**2 - 4. Let u(d) = -2*j(d) + 3*p(d). Is u(l) prime?
True
Let r(m) = 2*m + 31. Let l be r(-10). Suppose 404 = -9*o + l*o. Is o prime?
False
Suppose 15*m = 12*m - 243. Let x be (-20151)/m + 4/18. Suppose 0 = -4*i + i + x. Is i prime?
True
Suppose 4*o - 2*l = -7*l + 2227, -4*o + 3*l = -2267. Is o a prime number?
True
Let o(s) = 6*s**2 - 11*s + 39. Is o(16) a composite number?
False
Let r(t) = -t**2. Let z be r(0). Suppose z = -2*g + 4 + 6. Suppose 0 = -3*b - 3*w + 36, -g*b - 2*w = -19 - 47. Is b a composite number?
True
Let f = -4332 - -8633. Suppose 6*y = f - 641. Suppose -5*p = 20 - y. Is p a prime number?
False
Let i = -66 + 71. Suppose 20 = i*a, 0*a = p - a - 327. Is p a prime number?
True
Suppose -1166 = -4*f + b, -5*f + 3*f - 4*b = -592. Let c = 529 - f. Is c composite?
True
Suppose -76*r + 68*r + 154312 = 0. Is r composite?
False
Let k(i) = 18175*i**2 - 10*i - 4. Is k(-1) prime?
True
Let r be 219*((-12)/45)/((-4)/290). Suppose -3*v + 3164 = 2*z, 3*z - 5*v = r + 493. Is z a prime number?
True
Let b(c) = c**3 + 9*c**2 + 5*c + 7. Suppose 12*i = -26 - 22. Is b(i) a prime number?
True
Let l(i) = 657*i - 3. Let g be l(2). Let p(z) = -z**2 + 17*z - 62. Let q be p(12). Is q/11 + g/11 a prime number?
False
Suppose 0 = -3*a + 4*a + 10. Let d = a - -9. Is (-4 - d) + 1*470 a composite number?
False
Suppose 0 = 65*w - 67*w + 3274. Is w composite?
False
Suppose 22503 = 3*n + k + 1778, -3*n = -5*k - 20701. Is n a prime number?
True
Let h(t) = -15485*t - 8. Is h(-5) composite?
False
Let t be (-10)/(-4) + 1/2. Suppose 2 = -t*o + 4*o. Suppose 0*m - o*m = -1498. Is m a composite number?
True
Let z(j) = 440*j**3 - 1. Let n be (1 + (5 - 4))/2. Is z(n) a prime number?
True
Suppose -46*q + 43*q + 4551 = 0. Is q a prime number?
False
Suppose 5*f = -4*l - 171082 + 814957, 0 = -3*f + 2*l + 386347. Is f a composite number?
True
Let s be ((-8)/5)/(38/(-95)). Suppose s*d = 4*i + 12, i = 4*d - 2*i - 12. Suppose 414 = 4*v - 5*w, -d*v = -5*v - 4*w + 220. Is v composite?
True
Let p = 27 + -25. Suppose 4 = -c + 3*i, -3*c + p*c - 2*i = -11. Suppose 2073 = c*k + 3*l, k - 429 = -2*l + 5*l. Is k composite?
True
Let n(l) = -5*l + 62. Let r be n(-18). Let d = 85 + r. Is d composite?
True
Let n = -541 + 6990. Is n a composite number?
False
Suppose 28771 = 4*a - 5*n, 0 = -10*a + 8*a - n + 14403. Is a composite?
True
Is -10 - -2 - (-177177)/39 prime?
False
Let f = -19170 - -33119. Suppose -8*y + f = 5*y. Is y a prime number?
False
Let v be 28/(-63) + (-228)/(-27). Suppose 0 = v*d + 3138 - 8330. Is d composite?
True
Let n = 10165 - 15561. Is (-1 - 0)/(((-12)/n)/(-3)) a prime number?
False
Is (372/24 + -13)/(2/14572) prime?
False
Let n = -17 + 14. Let d be (n + -22)*(-11 + 0). Suppose 0*k = -5*k + d. Is k a prime number?
False
Suppose 167*m - 188*m + 28119 = 0. Is m a composite number?
True
Let b = 28 - 28. Suppose 7*y - 3*y - 380 = b. Is y prime?
False
Let p(m) = -m**3 + 2*m**2. Let o be p(-2). Let h(f) = 17*f + 39. Let n be h(o). Suppose -3*c = -n - 292. Is c prime?
False
Let k = -1974 + 4907. Is k a prime number?
False
Suppose 3*l - 2984 = -5*l. Is l prime?
True
Suppose 0 = j + 4*o - 2223, -18*j - 2*o - 4456 = -20*j. Is j prime?
False
Suppose -5*w + j = 1067, -2*w + 4*w = -2*j - 434. Let z = -73 - w. Is z composite?
True
Suppose -15*p - 84698 + 388883 = 0. Is p a composite number?
True
Let u(z) = -2*z - 39. Let s be u(-17). Let o(v) = -133*v - 10. Is o(s) prime?
False
Let d(g) = -6*g + 2899. Is d(0) composite?
True
Let w = 3261 + -1550. Is w a composite number?
True
Let j(i) = 506*i**3 + 9*i**2 + i + 7. Is j(3) composite?
True
Suppose -2*d = -0*d - 6. Suppose 0 = d*g + 6, 3*x = -5*g + 7292 + 3576. Is 2/15 + x/30 composite?
True
Let x(d) = 6*d**2 - 3*d + 14. Let w be 18/4*(-44)/33. Let j be x(w). Suppose 5*a + 5*f - 340 = 0, 4*a + f = 15 + j. Is a a composite number?
True
Suppose 63*y - 92*y + 2783159 = 0. Is y prime?
True
Suppose y - 15 = -5*r + 3, -5*y + 4*r + 206 = 0. Suppose -y*n - 844 = -42*n. Is n a composite number?
False
Suppose 0 = 3*i + 6, 2*r - 5*i = -0*r + 14. Suppose -3*n - 19071 = 5*a, r*a + 5*n + 4864 + 2753 = 0. Is 2/(-10) + a/(-30) composite?
False
Let q = 13330 - 8487. Is q a composite number?
True
Let v = 66 - 57. Is (5 + -2)*2229/v prime?
True
Suppose 826 = 4*x + 62. Is x a prime number?
True
Let b = -365 - -1375. Let u = -29 + 34. Suppose -u*n + g + b = -2*g, 0 = 2*n + 4*g - 378. Is n a prime number?
True
Suppose -2*y + 2002 = -2246. Let c = -1187 + y. Is c a composite number?
False
Is (5/(120/(-97264)))/((-2)/3) composite?
False
Suppose 2*a + 10089 + 3943 = 3*g, -g - 5*a + 4666 = 0. Suppose 5*p + g = 6*p. Is 20*(p/(-16))/(-7) prime?
False
Suppose -72014 = 4*q - 5*s - 437031, 456268 = 5*q - 3*s. Is q prime?
True
Suppose 0 = -0*c - 4*c + 5*l - 2985, -5*c = 3*l + 3759. Let x = c + 1219. Is x prime?
False
Let h(n) = 140*n**2 - 2*n - 1. Suppose -7 + 2 = 5*z. Let y be h(z). Suppose -3*c - 4*p + 195 = 0, -2*c + p = -0*p - y. Is c composite?
True
Let p(m) = 24 + 6 + 18*m - 9 + 5*m. Let c be p(5). Let v = 157 + c. Is v composite?
False
Let l(i) be the third derivative of 19*i**4/6 - 5*i**3/6 - 5*i**2. Is l(12) prime?
True
Let p be (-7 - -6)/((-1)/6). Suppose -2*u = 4*i - 2156, p*i - 5*u = 4*i + 1054. Is i prime?
False
Let s = -204 - -1318. Let h = s - 191. Is h composite?
True
Let t(c) = -13*c**2 + 1. Let k be t(1). Let h = k - -16. Suppose -4*i + 2*n = -3138, i + h*n - 295 = 494. Is i a composite number?
True
Suppose -79293 = -11*v - 20839. Is v a composite number?
True
Let m(q) be the second derivative of q**4/12 + 3*q**3/2 + 5*q**2 + 7*q. Let o be m(-8). Suppose -u + 6*u = 20, o*g - 386 = 5*u. Is g prime?
False
Suppose 58 = 4*r - z, -3*z + 19 = 4*r - 47. Suppose -k + 274 - r = 0. Is k a prime number?
False
Let h(g) = -843*g + 5. Let c be (-3)/(-1 - ((-7)/4 + 0)). Is h(c) a composite number?
True
Suppose -13212 = -q + 2*f + 24833, 5*q + f = 190170. Is q composite?
True
Let a(y) = 14*y + 7. Suppose 4*j + 12 = 0, 2*u - 6*u = -4*j - 164. Suppose u = 2*i + r + 4*r, 2*i + 4*r - 34 = 0. Is a(i) a prime number?
False
Suppose -23*a + w + 27049 = -19*a, 